late the remainder when h is divided by 7.
6
Let v(m) = 13*m**2 + m - 13. Let c(h) = 3*h**2 - 3. Let q(l) = 9*c(l) - 2*v(l). Let u(j) = -5*j - 7. What is the remainder when q(7) is divided by u(-5)?
16
Let h(i) = 2*i**2 - 3*i. Let c be h(3). Suppose -y = -c - 3. What is the remainder when ((-6)/4)/((-6)/136) is divided by y?
10
Let k = 19 - -3. Let s = 129 + -121. Calculate the remainder when k is divided by s.
6
Suppose 9*w - 79 = 758. Calculate the remainder when w is divided by 19.
17
Suppose 8 = h + 37. Calculate the remainder when h/(-3) + 3/9 is divided by 4.
2
Let x(y) = -y**3 - y**2 + y + 1. Let v be x(-2). Let p = v + -1. What is the remainder when -3*(129/(-9) + p) is divided by 19?
18
What is the remainder when 11 is divided by 12/16*8 + 1/(-1)?
1
Let q = 27 - 16. Let a = -5 - -8. Let n = q - a. Calculate the remainder when 15 is divided by n.
7
Let j(r) = -r - 3. Suppose -m - 13 = -2*y, 2*y = -4*m + 3 - 5. Let n be j(m). Suppose n = -2*k + k + 4. Calculate the remainder when 7 is divided by k.
3
Let r be 6/(-4)*4*-1. Let o = r - -11. What is the remainder when 65 is divided by o?
14
Suppose 2*g = -3*i - 9, -3*i = 5*g - 4*g + 12. Calculate the remainder when 6 is divided by g.
0
Let z be 6/39 - 297/(-13). Suppose z = 4*k - 49. What is the remainder when 34 is divided by k?
16
Let m = -34 - -36. Calculate the remainder when m is divided by 2.
0
Let n(k) = -2*k + 15. Let s be n(13). Let y(d) = -d - 2. Calculate the remainder when 14 is divided by y(s).
5
Suppose -4*h - 5*z + 52 = 0, -6*h = -h + 3*z - 65. What is the remainder when h is divided by 5?
3
Suppose -2*u - 36 = -2*b, 2*u + 3*u = 3*b - 90. Let y = u + 38. Suppose -i + 4 = -7. Calculate the remainder when y is divided by i.
9
Let y(x) = x**3 + 5*x**2 - 4*x - 2. What is the remainder when y(-4) is divided by 8?
6
Suppose 3*s - 63 = -h - 0*h, 83 = 4*s + h. Let g be 4/6*(-207)/(-6). Suppose -4*d = -g - 5. Calculate the remainder when s is divided by d.
6
Let l(f) = 5 - 4 + 1 + 3*f. Calculate the remainder when 26 is divided by l(4).
12
Let q = -103 + 111. Calculate the remainder when 14 is divided by q.
6
Let y(q) = 4*q + 1. Let o be y(1). Let m = 13 - o. What is the remainder when 15 is divided by m?
7
Let q(s) = -s**3 - 2*s**2 + 7*s + 4. What is the remainder when q(-5) is divided by 16?
12
Let r = 3 - -8. What is the remainder when 31 is divided by r?
9
Let x = 34 + -17. Calculate the remainder when (14/(-3))/(4/(-42)) is divided by x.
15
Suppose -5*x - l + 15 + 57 = 0, -63 = -4*x + l. Calculate the remainder when 59 is divided by x.
14
Suppose -3*r = -r - 38. Calculate the remainder when r is divided by 7.
5
Let d = 10 - 4. Let v be (164/d)/((-5)/(-15)). Suppose -o + 4*f + 4 = 0, 3*f + v = 5*o - 6. Calculate the remainder when o is divided by 11.
9
Suppose 2*p - 37 = -3*j, 3*p - 6*p - 5*j + 57 = 0. Calculate the remainder when p is divided by 4.
2
Suppose -4*v + 133 = 4*t - 9*v, 3*t + v - 95 = 0. What is the remainder when t is divided by 13?
6
Suppose -2*n - 7 = -19. Calculate the remainder when 16 is divided by n.
4
Suppose 0 = -7*h + 2*h + 25. Suppose 3*b = h*b - 46. What is the remainder when 44 is divided by b?
21
Suppose -20 = -7*n + 5*n. What is the remainder when 31 is divided by 3 - 1/((-2)/n)?
7
Suppose 0 = -d + 71 + 85. Suppose -5*p + 29 = -d. What is the remainder when p is divided by 13?
11
Let i(k) = -k**2 + 13*k + 27. What is the remainder when 37 is divided by i(14)?
11
Calculate the remainder when (-1)/2*(-1876)/14 is divided by 23.
21
Let i(h) = -3*h - 1. Let a be i(-1). Suppose 4*s + 4 = -2*t - 6, 17 = 3*t - a*s. What is the remainder when 4 is divided by t?
1
Suppose 0 = 5*u + 3*c - 239, -4*u + 21 + 177 = -c. Calculate the remainder when u is divided by 17.
15
Let d = -6 - -15. Suppose 0 = 2*o - 0*n - n - d, n + 17 = 4*o. What is the remainder when o is divided by 3?
1
Let m be (-1)/2 - (-39)/6. Let x(h) = 2*h**3 - 7*h**2 - h - 7. What is the remainder when x(5) is divided by (m/(-5))/(6/(-80))?
15
Let q(i) = -2*i. Let a be q(4). Let l be (-450)/a + 3/4. Suppose o - 12 = z - 2*z, 4*o - 5*z - l = 0. What is the remainder when o is divided by 5?
3
Let d(g) = g + 11. Let t be d(-9). Let b = t + -5. Calculate the remainder when 40 is divided by -1*b/(-3) + 15.
12
Suppose b = 3*b - 228. Calculate the remainder when b is divided by 29.
27
Suppose t - 9 = 10. Let i = -99 + 174. What is the remainder when i is divided by t?
18
Suppose -3*p + l = -17, 5*l = -0*l - 10. Calculate the remainder when ((-27)/6)/(1/(-2)) is divided by p.
4
Let o(c) = -c**2 - 8*c - 5. Let h be o(-7). Let m = 8 - h. Let b = m + 1. What is the remainder when 19 is divided by b?
5
Suppose 0 = -z + 5*z + 4*o + 120, 4*o - 20 = 0. Let b = -19 - z. Suppose b = -3*t + 4*t. What is the remainder when 62 is divided by t?
14
Suppose k + 81 = 3*d, 0 = 2*d + 3*d + 2*k - 124. What is the remainder when 100 is divided by d?
22
Suppose 2*f - 70 = -3*f. Calculate the remainder when f is divided by -3 + 7 + -2 + (-6)/(-2).
4
Let d(y) = -4*y**2 + 3*y + 2. Let j be d(-1). Calculate the remainder when 44 is divided by (1 - -2) + j + 17.
14
Suppose -3*g - 2*w - 16 = -256, -3*g + 237 = 3*w. Let h = -116 + g. Let x = 47 + h. Calculate the remainder when 24 is divided by x.
11
Let z be ((-6)/(-9))/(4/(-54)). What is the remainder when 44 is divided by -12*(39/z - -3)?
12
Suppose 5*x - 3*p = 96, x + 5*p - p - 33 = 0. Calculate the remainder when x is divided by 6.
3
Suppose 17*o - 777 - 532 = 0. What is the remainder when o is divided by 39?
38
Let r(t) = -2*t - 12. Suppose 12 = 2*x - 2. Suppose h + 10 = 5*u - x, -4*u + 3*h = -18. What is the remainder when r(-11) is divided by u?
1
Calculate the remainder when 3*20/15 + 14 is divided by 4.
2
Suppose -5*v - 6*b + 70 = -2*b, 0 = -5*v + 4*b + 70. Suppose -5*p = 10, -2*t + 0*p = 2*p - 76. Calculate the remainder when t is divided by v.
12
Let p be (42/35)/(3/20). Suppose -p = -2*a + 5*j + 15, 0 = -4*a + 2*j + 70. Calculate the remainder when 73 is divided by a.
16
Suppose 3*u - 37 = -2*z, 4*u - 3*z = -6*z + 51. Let f = 4 - 4. Suppose f*q - 3*q + u = 0. Calculate the remainder when 5 is divided by q.
2
Let p = 15 + 1. What is the remainder when 63 is divided by p?
15
Let w(a) = a**3 - 3*a**2 + a - 1. Let k(u) = 17*u + 1. What is the remainder when k(2) is divided by w(4)?
16
What is the remainder when (2 - 108/20)*(-5 - 0) is divided by 9?
8
Let f be (-330)/(-20)*(-40)/6. Let j = -76 - f. What is the remainder when j is divided by 7?
6
Suppose r = 6*r. Suppose g - 3*g + 30 = r. Calculate the remainder when g is divided by 4.
3
Let v(m) = -8*m - 7. What is the remainder when v(-2) is divided by 3?
0
Let m(u) = u + 6. Let i be m(0). Suppose i = 2*d, 2*d + 32 + 94 = 4*v. Calculate the remainder when v is divided by 18.
15
Calculate the remainder when 5 is divided by 1*6 + -2 + -1.
2
Suppose -g - 7 + 22 = 0. What is the remainder when 29 is divided by g?
14
Suppose 5*v - o - 50 = 4*o, 0 = 2*v + 2*o. Calculate the remainder when 17 is divided by v.
2
Suppose -1 = -v - 6. Let g(p) = -5*p + 2. Let x(z) = z - 1. Let m(y) = -g(y) - 6*x(y). What is the remainder when 26 is divided by m(v)?
8
Let a(q) = q**2 + 4*q + 3. Calculate the remainder when a(-10) is divided by 22.
19
Suppose 2*y - 58 = 98. Let z = 117 - y. What is the remainder when z is divided by 10?
9
Let y(v) = v**2 + 8*v + 4. Let n = 2 - 13. What is the remainder when y(n) is divided by 13?
11
Let u = 15 + 42. What is the remainder when u is divided by (-3)/(-2*(-1)/(-10))?
12
Suppose y - 3*k = 24, 6*k - 5*k = 4*y - 85. Calculate the remainder when 53 is divided by y.
11
Suppose 0 = -2*g - 3*g + 45. Calculate the remainder when 54 is divided by 2/g + 124/9.
12
Suppose 2*u = 17 + 13. Calculate the remainder when 57 is divided by u.
12
What is the remainder when 142 is divided by (34 + 3 - -2) + 4/(-2)?
31
Let f(y) = y**2 + 4*y + 5. Calculate the remainder when 146 is divided by f(4).
35
Suppose -2 - 166 = -3*f. What is the remainder when f is divided by 12?
8
Let m = 11 - 7. Suppose h + h - 14 = -2*q, 0 = -3*h - 5*q + 31. Suppose -5*l + 41 = 2*c, 0*l + 2*c - 20 = -h*l. Calculate the remainder when l is divided by m.
3
Let j = -7 + 12. Let g(v) = v**2 - 3*v - 4. What is the remainder when 15 is divided by g(j)?
3